(a).
7
Let q(y) = 6*y**3 - 2*y**2 + 1. Let c(j) = 2*j + 1. Let a be c(2). Suppose 4*k - 1 = 15, k = -a*x + 9. Give q(x).
5
Let z(w) be the first derivative of w**3/3 + w**2/2 - 15*w + 171. Calculate z(-5).
5
Let r = -9 - -11. Suppose t = -3*k + 10, 3*k - 17 = r*t + 8. Let o(f) = -f. Determine o(k).
-5
Let y(h) = -16*h + 30. Let l(v) = -v + 1. Let b(f) = -10*l(f) + y(f). Calculate b(6).
-16
Let b(y) = -y**3 + 3*y**2 - 11*y - 3. Let r(q) = -q**2 + 2*q. Let h(s) = b(s) + 6*r(s). Give h(-3).
-6
Let c = -126 + 116. Let b(u) = -u**2 - 10*u + 6. Calculate b(c).
6
Let i(o) = 9*o + 147. Let b be i(-16). Let z(g) = -g**3 + 4*g**2 - g + 4. Give z(b).
10
Suppose 0 = -4*o - j - 2*j + 9, -o - 3*j - 9 = 0. Suppose -2*x = -o*x + 16. Let c(m) be the second derivative of m**4/12 - 2*m**3/3 + m. Calculate c(x).
0
Let l = 6 + 0. Suppose -k + r + l = 2*r, -3*r = -3*k - 6. Let b(v) = v**3 - 1 - 4*v**k + 4*v - 3*v - 2*v - 4*v. Determine b(5).
-1
Let b(u) = u**2 + 2*u - 4. Suppose 5*g + 352 = 13*g. Let h be ((-1)/((-3)/(-2)))/(g/330). Give b(h).
11
Let g = -42 - -42. Let n(x) = -2*x + g + x - 5. Calculate n(5).
-10
Let o(m) = -3*m + m + 4*m. Let n = -7 - -9. Suppose -n*w + 2*c + 3 = -5, 5*c + 10 = 0. Calculate o(w).
4
Let a(f) be the first derivative of -1/4*f**4 - 4*f**2 - 9*f + 10/3*f**3 - 21. Determine a(9).
0
Let q(t) = -6*t - 10 - 3 + 9. Suppose -z + 3*h = z - 16, 0 = 3*z + h - 2. Suppose -3*i - 3 = -z*i. Calculate q(i).
14
Let n be 5/(-10)*(-12)/(-2). Let j(b) = -92785*b + 4 + 3*b**2 + 92789*b - 2*b**2. Give j(n).
1
Let s(f) = 4*f - 27. Let j(a) = 4*a. Let l(c) = c - 1. Let r(v) = -j(v) + 5*l(v). Let k(m) = -33*r(m) + 6*s(m). What is k(2)?
-15
Suppose 0 = -10*k + 66 - 76. Let h(i) = 49*i**2 - 1. Calculate h(k).
48
Let q(b) = -b**3 + b**2 - b - 3. Let a = -544 - -546. What is q(a)?
-9
Let f(a) = a**2 - 9*a + 2. Let u be f(9). Let l(m) = m**2 - 2*m**2 + 3*m**u - 4*m - 3. What is l(-2)?
13
Let q(g) = 11*g + 1. Let v(b) = 25*b + 3. Let p(k) = 7*q(k) - 3*v(k). Give p(2).
2
Suppose 2*p - r - 5 = 4, 3*r = -3*p. Let z be (35/(-15) + p)/((-4)/6). Let g(o) = o**3 + 1. Give g(z).
0
Let h = 91 + -91. Let m(z) = -z - 2. Determine m(h).
-2
Let g be (-4)/8 - (-1)/(-2). Let i(o) = -o**2 + 8*o - 4. Let r(u) = 1. Let d(v) = g*i(v) + 6*r(v). What is d(7)?
3
Let z(v) = -v**2 + 9*v - 10. Let m = -28 - -36. Let o be z(m). Let x(u) = 3*u**2 - 2. What is x(o)?
10
Let s(b) be the second derivative of -b**6/120 + 7*b**5/60 - 7*b**4/24 - b**3/2 - 11*b**2 - 3*b. Let i(g) be the first derivative of s(g). Give i(6).
-9
Let q(r) be the second derivative of -2*r**2 + 1/6*r**3 + 0 - 1/12*r**4 + 8*r. Let n(j) be the first derivative of q(j). What is n(-5)?
11
Let f(x) = -17 + x**3 + 17 - 3*x**3 - 4*x**2 - 2*x. Suppose -3 + 9 = -3*m. Let t be f(m). Let l(z) = z**2 - 4*z + 1. Determine l(t).
1
Let j be ((-2)/2)/(11/(-88)). Let s(b) = b**3 - 7*b**2 - 11*b + 11. What is s(j)?
-13
Let x(d) = 0*d**3 + 3*d - 81*d**2 + d**3 + 78*d**2. Let j be x(2). Suppose 4*b = j*b - 3*a - 8, 0 = -b + 3*a + 14. Let v(h) = 4*h**2 + 1. What is v(b)?
17
Let v(c) = -2*c + 1. Let u(j) be the third derivative of j**3/6 - 12*j**2. Let z(s) = -6*u(s) + v(s). Calculate z(-5).
5
Let w(d) be the second derivative of -d**5/5 + d**4/3 + d**3/2 - 111*d. Calculate w(-2).
42
Let y = 30 + -29. Let g(v) = 0*v + 2*v**3 - y - 3*v - 4*v**2 - v**3. Calculate g(5).
9
Let m(u) be the second derivative of -u**3/6 - u**2/2 - 6*u + 6. What is m(3)?
-4
Let z(n) = 1 - 26*n**2 - 8*n + 27*n**2 + 8. What is z(5)?
-6
Let n(f) = -f**3 + 13*f**2 - 14*f - 9. Suppose -4*v + 6*v = 3*t - 44, 5*v - 4 = -2*t. Calculate n(t).
-33
Let j be (6 + (-45)/9)/(3*4). Let l(m) be the second derivative of 1/3*m**3 + 0 - j*m**4 - 5*m - 1/20*m**5 + 1/2*m**2. Determine l(-1).
-1
Let h(r) = 6*r**2 + 7*r - 4. Let u(z) = -13*z**2 - 15*z + 9. Suppose 5*v - v = 16. Let m be (-1*2 + 168/(-24))*-1. Let d(a) = m*h(a) + v*u(a). Give d(-2).
2
Let y(a) be the first derivative of 3/2*a**2 + 4*a + 1. Suppose 0 = -5*r - 4*r - 27. Give y(r).
-5
Let r(d) = -3*d**2 + 9*d + 3. Suppose -2*j + 2*c - 10 = -22, -j = -3*c - 10. Give r(j).
-9
Let i(z) = z**2 - 9*z + 12. Let f(r) = -r**2 + 4*r + 5. Let m(j) = j**3 + j**2 + 2*j + 3. Let s be m(0). Let x be f(s). Give i(x).
4
Let f(t) = -t**3 - t**2 + t + 1. Let v(n) = -5*n**3 - 6*n**2 + 1. Let y(j) = -6*f(j) + v(j). Determine y(-4).
-45
Let s(r) = r**2 - 11*r + 25. Let m be s(7). Let g be (-12)/2*m/9. Let t(f) be the second derivative of -5*f**4/12 + 2*f**3/3 - 3*f**2/2 - 2*f. Determine t(g).
-15
Let j(c) = -c**2 + 11*c - 23. Let f be j(6). Let l(q) be the third derivative of q**6/120 - 7*q**5/60 - 5*q**2. Calculate l(f).
0
Let a(u) = u - 1. Let j(w) = -w**2 - 17*w - 12. Let t(d) = -5*a(d) - j(d). What is t(-10)?
-3
Let r = -268 + 256. Let a(h) = h**3 + 12*h**2 + 2. Calculate a(r).
2
Let h(u) = 0 - 13 + 29*u - 30*u - 16 + 7. Give h(-21).
-1
Let h(f) be the third derivative of f**6/24 - f**5/60 + f**4/12 - f**3/6 - 9*f**2. Let r be h(1). Let t(c) = 0 + r - 2 + 2*c + c**2. Give t(-2).
3
Let b(a) be the first derivative of -5 + 1/2*a**2 - 2*a. Suppose 0*q + 2 = 2*u + 2*q, -3*u = -4*q - 38. Calculate b(u).
4
Let o(g) = g**3 + 8*g**2 + 2. Let v be o(-8). Suppose 0 = -v*i - 3*i + 5. Let a(x) = -20*x - 1. Give a(i).
-21
Suppose -8 = -6*g - 20. Let s be 3 + -1 + (-2)/(-1). Let m(o) = 12 - 14 - s*o**2 + 2*o**3 - o + 7*o**2. What is m(g)?
-4
Let r(g) = 7*g - 2. Let j(n) = -8*n + 3. Let i(m) = -4*j(m) - 5*r(m). Determine i(-4).
10
Let v(b) = -213*b + 108*b + 106*b - 4. Suppose -10 = 5*i - 4*f, 0 = -5*i + 2*f + f - 10. Let o be 0 - (2 - i - -1). Calculate v(o).
-9
Let i(n) = -n**3 + 3*n**2 + 13*n - 11. Let a = 16 + -11. Let t be i(a). Let f(l) = -l - 4. What is f(t)?
-8
Let l(y) = 3*y**2 - y + 1. Let d(s) = 8*s**2 - 6*s. Let n(f) = d(f) - 3*l(f). Let j = -1 - -2. Let o = -1 - j. Calculate n(o).
-1
Let q be -2 - (-3 + (-2)/2). Suppose 4*g - 5*u - 18 = q*g, -4 = 2*u. Let r = -4 + g. Let n(j) = j**3 - j**2 + 7. Determine n(r).
7
Suppose -3*v - 13 = 2*p - 32, 5*p - 4*v + 10 = 0. Let h(y) = 9*y**2 - 1 + 9*y**p - 15*y**2 + 0. What is h(-2)?
11
Let f(t) = -t**2 + 25719*t - 12858*t + 2 - 12856*t. Suppose 3*w + 4*d - 3 - 5 = 0, 2*w - 6 = -3*d. Let g = 4 - w. What is f(g)?
6
Let x(k) = k**2. Let v(r) = r**3 + 5*r**2 - 13*r + 7. Let o be v(-7). Determine x(o).
0
Let m(g) = g**3 - 5*g**2 - 7*g - 4. Let o(t) = 27*t - 507. Let x be o(19). What is m(x)?
-10
Let f(r) be the third derivative of -r**6/180 + r**5/30 - 47*r**4/24 - 3*r**2 - 6*r. Let p(w) be the second derivative of f(w). Determine p(3).
-8
Let n(t) = 3*t**3 - 2*t. Let u(p) = 4*p**3 - 3*p. Let w(h) = -7*n(h) + 5*u(h). Let g be 24/(-10) - 40/(-100). Give w(g).
10
Let h = -121 - -117. Let a(x) = -2*x**3 - 5*x**2 - 11*x - 5. Let w(s) = -s**3 - 2*s**2 - 6*s - 2. Let k(c) = 3*a(c) - 5*w(c). Give k(h).
-9
Suppose 5*r = 5*p - p + 7, 3*r = 2*p + 5. Suppose 4*x - x - n = p, 4*x = 4*n. Let b(v) = -7*v + 8. Let z(u) = -u. Let y(j) = x*b(j) - 6*z(j). Determine y(6).
2
Let g(k) = 2*k**2 - 8*k. Let w = 189 - 183. Calculate g(w).
24
Let u(h) = -2*h**3 + h**2 - 3*h - 6. Let i(m) = -5*m**3 + 4*m**2 - 10*m - 18. Let l(k) = -3*i(k) + 8*u(k). Let z be 64/(-12) + 1/3. Calculate l(z).
1
Suppose 0 = -6*s + 7*s - 4. Suppose -3*k - 1 = s*g - 2, -2*g + 8 = 4*k. Let d(c) = 0*c + 4*c - 4*c**2 - 4*c**2 + 3*c**2 + 1 + c**k. Determine d(3).
-5
Suppose 3*d - 59 = 4*b, 14*d - 11*d + b = 34. Let a(v) = -v**2 + 12*v + 14. Determine a(d).
1
Let y(h) = h**2 - 4*h - 4. Let a = 28 - 19. Let r(w) = -w**2 + 11*w - 6. Let v be r(a). Let d be (-54)/v*2/(-3). What is y(d)?
-7
Let q = -2080 - -2094. Let j(r) = -r - 1. Calculate j(q).
-15
Let r be -2 + -2 + (-2 + 8)*-1. Let p(b) = -2*b**3 - 19*b**2 + 12*b + 13. Calculate p(r).
-7
Let w(l) = l**3 - 2*l**3 - 2*l + 6 - 2*l**2 + 8*l**2. Suppose 72 = 10*k + 12. Give w(k).
-6
Let s(g) = -g**2 + 3*g + 4. Suppose 14*y + 6 - 34 = 0. Suppose 4 + 0 = 2*u - 2*q, -y*q + 17 = 5*u. Calculate s(u).
4
Let i(d) = -d**2 + 19*d - 7. Let r(z) = 2*z + 1. Let b(o) = i(o) - 4*r(o). Let l(c) = -4*c - 2. Let s be l(-3). Determine b(s).
-1
Let v(y) = -5 - 3 + 474*y + 3 - 476*y + y**2. Determine v(5).
10
Let q be 3/((-4)/(-1 - -33)). Let c = -6 - 10. Let o = c - q. Let n(a) = -a + 6. Give n(o).
-2
Suppose 0*c - 1 = c, -4*k + 56 =